 r(h) = h**2 - 21*h + 34. Let k be r(z). Let y(q) = -48*q - 9. What is the tens digit of y(k)?
8
What is the tens digit of -4*(-216)/(-128)*(1 + -49)?
2
Suppose 8*d = -10*d + 36. What is the tens digit of d/((8/637)/4)?
3
Let j = -11 - -15. Suppose 3*m - j*b = m + 628, m = 3*b + 317. What is the hundreds digit of m?
3
Let q(w) = w**2 - 3*w + 2. Let h be 16/10 - (-30)/75. Let b be q(h). Suppose b = -l - 3*f + 7*f + 146, -5*l + f + 711 = 0. What is the tens digit of l?
4
Let w = -53 - -58. Let o(i) = 29*i**2 + 4*i - 57. What is the hundreds digit of o(w)?
6
Suppose 63*d = -102053 + 513191. What is the tens digit of d?
2
Suppose -162043 - 12207 = -41*q. What is the units digit of q?
0
Suppose -4*z - 5*k - 35 = 0, -z - 6 = 2*k - 1. Let m = z - -37. What is the tens digit of m/(-10)*(-10)/2?
1
Let z be 83/(-3) - (56/24 + -3). What is the tens digit of 278 + 57/z + (-2)/(-18)?
7
Suppose -2932 - 3852 = -16*r. What is the units digit of r?
4
Suppose 20*y = -19*y + 21411. What is the units digit of y?
9
Let b = 3642 + -3540. Let y = -15 + 2. Let h = b - y. What is the hundreds digit of h?
1
Suppose 2*a = -4*j + 192712, -2*j + 10*a + 96362 = 14*a. What is the hundreds digit of j?
1
Let q(j) = -j**3 + 12*j**2 + 5*j + 28. Let l be q(12). Suppose 0*i - 325 = -4*a - 3*i, -3*i + l = a. What is the units digit of a?
9
Let a(g) = -g**2 + 20*g - 37. Let b be a(17). Let s = b + -30. What is the tens digit of (-6)/s + (-4121)/(-104)?
4
Let d = -2522 + 1779. Let l = -442 - d. What is the units digit of l?
1
Suppose 13*o - 211049 = 79696. What is the units digit of o?
5
Suppose -3*x + y + 44 = -25, -2*x + 46 = -3*y. Let u be x + 2 + -2 + -2. Let t = u - -18. What is the tens digit of t?
3
Suppose 12 = 4*w - 4*x, -4*x - 11 = w - 14. What is the units digit of w*(-12)/18*-29?
8
Let j be 7*((-65)/(-35) - -1). Let g = 174 + j. What is the hundreds digit of g?
1
Let u(x) = -x**2 - 7*x - 3. Let w be u(-6). Let n be -3*1*(-4 + w). What is the tens digit of (n/6)/((-2)/(-180)*3)?
1
Suppose -4*y + 0*y = -108. Let a = y - 16. Suppose -15*x = -a*x - 196. What is the units digit of x?
9
Let k(d) = -d**3 - 5*d**2 + d + 7. Let m be k(-5). Suppose 6*l = -7 - 17. What is the tens digit of 24/(l - (-11)/m)?
1
Suppose -158*r = -161*r. Suppose 8*m - 887 - 2945 = r. What is the tens digit of m?
7
Suppose g - 3*g = 786. Let m be -3*((-1088)/(-12) + -11). Let a = m - g. What is the hundreds digit of a?
1
Let i(a) = 153*a + 4152. What is the tens digit of i(54)?
1
Let t = -4008 + 15522. What is the ten thousands digit of t?
1
Suppose 0 = 51*y - 56*y - 6145. Let t = -738 - y. What is the units digit of t?
1
Let d be (-179)/(0 - 0 - 1). Suppose 5*k - 400 = 2*n, -2*k = 2*n + n - d. Let q = -41 + k. What is the units digit of q?
1
Suppose 7*m = -i + 5*m + 1734, 4*m - 1730 = -i. What is the tens digit of i?
3
Suppose v = -4*z - 56, -2*z + 19 - 47 = -2*v. Let j(c) = -c**3 - 14*c**2 - 18*c - 61. What is the tens digit of j(z)?
9
Let m(n) be the second derivative of n**4/12 + 5*n**3/3 - 7*n**2 + 6*n. What is the units digit of m(7)?
5
Suppose -5*g + 3*p - 2322 + 231 = 0, -g + 5*p = 427. Let l = g - -1647. What is the thousands digit of l?
1
Let i(q) = -1436*q - 820. What is the units digit of i(-29)?
4
Let f = 9 - -503. Suppose 4*i = -4*o - 512, 0 = 4*o + 2*i - 4*i + f. What is the tens digit of ((o/(-6))/2)/((-8)/(-60))?
8
Let d = -9 - -9. Suppose d = -3*b + 13 + 2. Suppose 15*a - 350 = b*a. What is the tens digit of a?
3
Let d = -2971 - -2981. What is the tens digit of d?
1
Let b(g) = -g**3 - 7*g**2 - 9*g + 3. Let m = 49 + -49. Suppose m*r = 5*r - 4*d + 36, 2*r - d + 15 = 0. What is the hundreds digit of b(r)?
1
Suppose -2*s - j + 72790 = -68751, 5*s - 353828 = -6*j. What is the units digit of s?
4
What is the ten thousands digit of 1722*((-30)/14)/5*420/(-24)?
1
Let j = 2028 - 10838. What is the tens digit of (-3)/2*j/(-30)*-2?
8
Let a = 427 + -628. Let i = a + 287. What is the tens digit of i?
8
Suppose 0 = 12*x - 32985 - 18975. What is the tens digit of x?
3
Let p(a) = a**2 + 15*a + 5. Let d be p(-15). Suppose 5*q = 2*z - 2, 0 = -2*q - q - 5*z + d. What is the tens digit of 3 + (q + 125 - -3)?
3
Let k(u) = 8 - 2*u + 2 + 0. Let m(j) = j**2 + 15*j + 42. Let h be m(-4). What is the units digit of k(h)?
4
Let c(b) = 23*b - 133. Let p be c(15). Let q = p + 401. What is the tens digit of q?
1
Let a(p) = -4682*p - 278. What is the units digit of a(-1)?
4
Let a(y) = 4*y**2 + 29*y + 347. What is the units digit of a(-66)?
7
Let b be (5067/18 - -10) + 1/2. Let k = -186 + b. What is the units digit of k?
6
Let z be 20/(-8)*-2 + (-10)/2. Suppose -5*w - 423 + 1578 = z. What is the tens digit of w?
3
Let c be (8 + -12)/((-2)/8). Suppose h = -10 + c. Suppose -4*f + 1082 = -2*g, 0 = -2*f + h*f - 3*g - 1083. What is the hundreds digit of f?
2
Let s(z) = 24*z - 68. Let u be s(3). Suppose 508 = 3*q + u*d - 1130, -3*q = d - 1638. What is the units digit of q?
6
Suppose 3*o + z - 46 = 0, -3*o - 18*z + 15*z = -42. Suppose -375 = o*d - 19*d. What is the units digit of d?
5
Let l(r) = -r**3 - 16*r**2 - 12*r - 13. Let y be l(-8). Let p = y + 1173. What is the hundreds digit of p?
7
Let n(m) = m**2 + 7*m + 2380. Let j be n(0). Suppose 22*k = 17*k + j. What is the hundreds digit of k?
4
Suppose -5*m - 222080 + 575925 = 0. What is the hundreds digit of m?
7
Suppose 0 = f + 14*f - 37701 - 37749. What is the thousands digit of f?
5
Suppose 0 = 10*b - 17*b. Suppose 3*z + 77 - 26 = b. Let o = z + 60. What is the units digit of o?
3
Let g(o) = o - 17. Let i be g(14). Let m(w) = w**2 + 2*w + 1. Let y be m(i). What is the units digit of 1/(y/10)*154/11?
5
Let b = 47975 + -26998. What is the ten thousands digit of b?
2
What is the hundreds digit of 69675/50*(104/6)/2?
0
Suppose -4*a = f - 15, -2*a + 4*f - 24 = -6*a. Suppose 0 = -a*b - 166 + 865. What is the hundreds digit of b?
2
Suppose -13337*x + 13324*x + 517946 = 0. What is the tens digit of x?
4
Suppose -3*m + u - 5744 = 0, -6*u + 3*u = 4*m + 7676. Let h = -774 - m. What is the units digit of h?
2
Let u(l) = -3*l**2 + 2*l + 7. Let q be u(3). Let z be -4*6/84 + (-46)/q. Suppose -5*g = s - 35, s - z*g = g + 62. What is the tens digit of s?
5
Let w(c) = -c**2 + 22*c - 52. Let k be w(19). Let v(r) = 6*r**2 - 2*r + 6. What is the units digit of v(k)?
6
Let v be (-4)/6 - (-86592)/99. What is the hundreds digit of (-5)/(-10)*((2 - 6) + v)?
4
Let n(p) = p**3 - p**2 - 7*p - 1. Let s(h) = 5*h**3 + h**2 - 24*h - 1. Let q(o) = -6*n(o) + s(o). Let x be 66/8 - (-1)/(-4). What is the tens digit of q(x)?
8
Let g = -99 - -4622. What is the units digit of g?
3
Suppose 50898 + 33682 = 8*s + 6636. What is the thousands digit of s?
9
Let b(a) = a**3 - 29*a**2 - 327*a + 323. What is the hundreds digit of b(43)?
1
Let w = -605 + 858. Let z = w - -151. What is the hundreds digit of z?
4
Suppose -g - 5*u = -165, -20*g - 3*u = -19*g - 163. What is the tens digit of g?
6
Suppose 2*z + 35 = 9*z. Let a(h) = h**2 - 5*h. Let c be a(z). Let n(q) = q**2 + 78. What is the tens digit of n(c)?
7
What is the tens digit of 42/(-7) + (1075 + 6 - -6)?
8
Suppose -f + 60 = -0*r - 4*r, -366 = -5*f - 2*r. Let h be -2 - ((-1280)/f + (-4)/18). Let o = 237 - h. What is the units digit of o?
1
Let u(z) = 12*z**3 - 5*z**2 - 4*z - 1. Let s be u(-1). Let v(f) = f**3 + 16*f**2 + 12*f - 12. What is the hundreds digit of v(s)?
2
Let t(p) = -2*p**3 + 7*p**2 - 5*p + 6. Let r be t(3). Suppose 11*y - 17*y + 396 = r. What is the tens digit of y?
6
Suppose 178*g - 194*g = -494235 - 221445. What is the units digit of g?
0
Let p be 19/7 + (-2)/(-7). Suppose 0 = p*u - 2*o + 17, -2*u = -2*o + 2 + 8. What is the tens digit of 16/(3 + u) + 71?
6
Suppose -5*z + 229 = 23*c - 20*c, 180 = 4*z + 4*c. Suppose 2*k = 2*y + 34, -4*k + 5 = -y + 3. Let b = z + y. What is the units digit of b?
5
Let s = 372 - -147. Let u = 890 - s. What is the hundreds digit of u?
3
Let p(o) be the second derivative of 259*o**4/12 - 11*o**3/6 + 13*o**2/2 + 252*o. What is the tens digit of p(1)?
6
Let r be (-2)/6 + (-28)/(-21). What is the hundreds digit of 2/(10/3415*r)?
6
Suppose 2*w - 3 = 9. Suppose f = -2 + w. Suppose -140 - 7 = -t + f*s, 0 = 3*t - 2*s - 411. What is the hundreds digit of t?
1
Let x(h) be the first derivative of 22*h**3/3 - 7*h**2/2 + 37*h